2475 a multiple of 45?
True
Is 50 a factor of 17206?
False
Is 14 a factor of 3710?
True
Is 39 a factor of 3528?
False
Does 46 divide 18630?
True
Is 8162 a multiple of 7?
True
Is 16883 a multiple of 9?
False
Is 5 a factor of 960?
True
Is 10868 a multiple of 26?
True
Does 81 divide 40257?
True
Is 83710 a multiple of 67?
False
Is 1632 a multiple of 51?
True
Is 736 a multiple of 32?
True
Is 47 a multiple of 31?
False
Does 15 divide 2925?
True
Does 218 divide 4796?
True
Is 11 a factor of 6776?
True
Does 44 divide 13611?
False
Does 51 divide 21899?
False
Is 6554 a multiple of 29?
True
Does 4 divide 45373?
False
Is 116 a factor of 3480?
True
Is 222 a multiple of 19?
False
Is 42 a factor of 4850?
False
Is 59 a factor of 472?
True
Is 97240 a multiple of 65?
True
Is 17 a factor of 34?
True
Is 8 a factor of 1852?
False
Is 8 even?
True
Does 42 divide 24780?
True
Does 20 divide 1535?
False
Is 5 a factor of 19295?
True
Is 10 a factor of 560?
True
Does 41 divide 41?
True
Does 18 divide 675?
False
Does 7 divide 15469?
False
Is 24 a factor of 7240?
False
Is 15 a factor of 2291?
False
Is 8878 a multiple of 21?
False
Is 304 a multiple of 55?
False
Does 7 divide 16842?
True
Is 4663 a multiple of 63?
False
Is 83 a factor of 106951?
False
Is 325 a factor of 23899?
False
Does 246 divide 16482?
True
Is 11 a factor of 32?
False
Is 30881 a multiple of 119?
False
Is 15 a factor of 435?
True
Is 660 a multiple of 33?
True
Is 136 a factor of 6528?
True
Is 18 a factor of 5788?
False
Does 32 divide 4207?
False
Is 6 a factor of 208?
False
Does 11 divide 33?
True
Is 4734 a multiple of 74?
False
Is 1357 a multiple of 23?
True
Is 7544 a multiple of 44?
False
Is 12 a factor of 1161?
False
Is 1356 a multiple of 13?
False
Is 366 a multiple of 6?
True
Does 51 divide 961?
False
Is 3 a factor of 9?
True
Does 31 divide 30039?
True
Is 14 a factor of 15792?
True
Is 1154 a multiple of 8?
False
Is 2319 a multiple of 5?
False
Is 97 a factor of 22724?
False
Is 245 a factor of 37485?
True
Does 75 divide 21409?
False
Is 10 a factor of 340?
True
Is 1615 a multiple of 19?
True
Is 60 a factor of 540?
True
Is 1702 a multiple of 23?
True
Does 29 divide 3605?
False
Is 13 a factor of 2249?
True
Does 3 divide 325?
False
Does 14 divide 392?
True
Is 9 a factor of 1153?
False
Is 2303 a multiple of 15?
False
Does 14 divide 2388?
False
Is 28139 a multiple of 19?
True
Is 13542 a multiple of 74?
True
Is 18 a factor of 7601?
False
Does 12 divide 6856?
False
Is 5 a factor of 86020?
True
Does 40 divide 520?
True
Is 12 a factor of 3210?
False
Does 11 divide 187?
True
Is 13512 a multiple of 180?
False
Is 690 a multiple of 54?
False
Is 200 a multiple of 10?
True
Is 5102 even?
True
Is 9901 a multiple of 25?
False
Does 35 divide 2405?
False
Is 61 a factor of 1090?
False
Does 4 divide 252?
True
Is 7318 a multiple of 52?
False
Is 19 a factor of 334?
False
Is 27810 a multiple of 15?
True
Is 7205 a multiple of 79?
False
Does 36 divide 1172?
False
Does 12 divide 2275?
False
Is 21 a factor of 45294?
False
Is 5392 a multiple of 114?
False
Does 17 divide 1003?
True
Is 3087 a multiple of 13?
False
Is 35 a factor of 452?
False
Is 3756 a multiple of 28?
False
Does 13 divide 1816?
False
Does 117 divide 9115?
False
Is 1228 a multiple of 15?
False
Is 4 a factor of 2840?
True
Is 6 a factor of 1722?
True
Is 630 a multiple of 10?
True
Is 1551 a multiple of 11?
True
Is 218 a multiple of 5?
False
Does 4 divide 2134?
False
Is 36720 a multiple of 136?
True
Is 139 a factor of 1274?
False
Is 101386 a multiple of 13?
False
Is 26 a factor of 10093?
False
Is 100 a factor of 775?
False
Is 147 a factor of 18449?
False
Is 32 a multiple of 16?
True
Is 16 a factor of 9984?
True
Is 1823 a multiple of 25?
False
Does 45 divide 21712?
False
Does 75 divide 356?
False
Does 150 divide 54316?
False
Is 6 a factor of 736?
False
Is 27 a factor of 33345?
True
Is 34421 a multiple of 35?
False
Is 4 a factor of 212?
True
Does 156 divide 2664?
False
Does 3 divide 6651?
True
Is 46536 a multiple of 12?
True
Is 15260 a multiple of 14?
True
Is 1645 a multiple of 7?
True
Is 19436 a multiple of 33?
False
Does 12 divide 25176?
True
Does 6 divide 834?
True
Is 2494 a multiple of 69?
False
Is 7 a factor of 2047?
False
Is 8 a factor of 21600?
True
Is 3348 a multiple of 93?
True
Does 8 divide 2248?
True
Is 64850 a multiple of 14?
False
Is 36 a factor of 11536?
False
Does 33 divide 3051?
False
Is 9100 a multiple of 14?
True
Is 10 a factor of 330?
True
Is 62464 a multiple of 64?
True
Does 37 divide 7870?
False
Is 43434 a multiple of 19?
True
Does 29 divide 3915?
True
Is 9691 a multiple of 11?
True
Is 34 a factor of 443?
False
Is 241 a multiple of 74?
False
Is 32850 a multiple of 75?
True
Is 1153 a multiple of 13?
False
Is 17 a factor of 88485?
True
Does 7 divide 1029?
True
Does 20 divide 144833?
False
Is 21896 a multiple of 8?
True
Is 904 a multiple of 17?
False
Is 37 a factor of 7141?
True
Is 3557 a multiple of 9?
False
Is 912 a multiple of 6?
True
Is 16416 a multiple of 24?
True
Is 29 a factor of 267?
False
Is 9600 a multiple of 128?
True
Does 52 divide 1059?
False
Is 57 a multiple of 40?
False
Does 4 divide 7476?
True
Is 144 a multiple of 9?
True
Is 40396 a multiple of 65?
False
Is 306 a multiple of 10?
False
Is 20880 a multiple of 60?
True
Is 6 a factor of 66?
True
Is 53690 a multiple of 8?
False
Does 50 divide 700?
True
Does 95 divide 13927?
False
Does 115 divide 7130?
True
Does 190 divide 3800?
True
Does 8 divide 56?
True
Does 6 divide 1236?
True
Is 124320 a multiple of 42?
True
Does 3 divide 1291?
False
Is 53 a multiple of 2?
False
Is 20 a factor of 5738?
False
Is 4 a factor of 9124?
True
Does 10 divide 436?
False
Is 6 a factor of 253?
False
Is 3420 even?
True
Is 117 a multiple of 13?
True
Is 101 a factor of 3331?
False
Does 9 divide 11314?
False
Is 66839 a multiple of 33?
False
Is 25174 a multiple of 41?
True
Does 31 divide 83181?
False
Does 16 divide 9669?
False
Does 18 divide 119340?
True
Is 5460 a multiple of 13?
True
Is 3 even?
False
Is 23 a factor of 92?
True
Is 14256 a multiple of 18?
True
Is 95 a factor of 7782?
False
Does 26 divide 7384?
True
Is 133 a factor of 2408?
False
Is 1450 even?
True
Is 1210 a multiple of 10?
True
Does 12 divide 476?
False
Is 111 a factor of 1221?
True
Is 96 a factor of 3958?
False
Is 73 a factor of 8353?
False
Is 25092 a multiple of 9?
True
Does 51 divide 102?
True
Is 18 a factor of 4662?
True
Is 1080 a multiple of 30?
True
Is 21915 a multiple of 45?
True
Is 484 a factor of 114123?
False
Is 1946 a multiple of 22?
False
Does 19 divide 3346?
False
Is 13452 a multiple of 76?
True
Is 1064 a multiple of 76?
True
Does 37 divide 4059?
False
Is 86 a factor of 1298?
False
Is 6 a factor of 310?
False
Is 10975 a multiple of 65?
False
Does 10 divide 618?
False
Is 560 a multiple of 4?
True
Is 45 a factor of 10530?
True
Is 29 a factor of 7337?
True
Is 37 a factor of 11026?
True
Does 48 divide 1239?
False
Is 357 a multiple of 39?
False
Does 200 divide 23684?
False
Does 82 divide 6874?
False
Does 15 divide 2340?
True
Does 40 divide 1628?
False
Is 9 a factor of 2259?
True
Is 3488 a multiple of 32?
True
Does 10 divide 590?
True
Is 31213 a multiple of 13?
True
Is 5635 a multiple of 49?
True
Is 968 a multiple of 44?
True
Is 2089 a multiple of 47?
False
Is 10 a factor of 2450?
True
Does 30 divide 1762?
False
Is 420 a multiple of 10?
True
Is 272 a multiple of 17?
True
Is 11 a factor of 935?
True
Is 128 a factor of 14436?
False
Is 22 a factor of 506?
True
Does 2 divide 942?
True
Is 5 a factor of 780?
True
Does 15 divide 88200?
True
Does 8 divide 17008?
True
Is 110 a factor of 2530?
True
Does 16 divide 84208?
True
Is 90 a multiple of 13?
False
Is 3 a factor of 255?
True
Is 708 a multiple of 15?
False
Is 618 a multiple of 5?
False
Is 6486 a multiple of 55?
False
Is 37 a factor of 962?
True
Is 51 a factor of 1102?
False
Is 14617 a multiple of 154?
False
Is 988 a multiple of 38?
True
Is 275 a multiple of 11?
True
Is 231 a multiple of 11?
True
Does 106 divide 103350?
True
Does 6 divide 396?
True
Does 8 divide 14843?
False
Does 22 divide 15500?
False
Is 2310 a multiple of 77?
True
Does 18 divide 70824?
False
Is 13 a factor of 20177?
False
Is 4683 a multiple of 131?
False
Does 95 divide 5870?
False
Is 133 a factor of 532?
True
Is 19 a factor of 1520?
True
Doe